c + 138. Calculate the remainder when 114 is divided by c.
22
Let b = 3243 - 3091. What is the remainder when b is divided by 78?
74
Let y(l) = 8*l**2 - 11*l + 7. Let o(c) = 11*c - 71. What is the remainder when y(-3) is divided by o(8)?
10
Let s = -372 + 376. Calculate the remainder when (-22)/s*((-4 - 0) + -2) is divided by (-6)/27 - (-249)/27.
6
Let p(t) = 89*t**3 + 2*t**2 + 61*t - 227. What is the remainder when p(4) is divided by 13?
12
Suppose 2*m - 2*w = 1586, -2*w + 0*w - 6 = 0. What is the remainder when m is divided by 36?
34
Let x be 2/(-25) + (-7362)/(-150). Suppose 3*s = 5*b + 67, 0 = -3*s + b + x + 10. What is the remainder when 167 is divided by s?
15
Calculate the remainder when 309 is divided by 14 + 291 + 91/(-13).
11
Suppose 0 = 31*o - 60*o + 58. Suppose 0 = -o*r + 5*d + 2813, -6*r + 9*r - 2*d = 4236. Calculate the remainder when r is divided by 59.
57
Suppose 128*h + 1102 = 4291 + 1291. What is the remainder when 5739 is divided by h?
34
What is the remainder when 2747 is divided by 110 - (0/(-4*(-2)/4))/(-1)?
107
Suppose 216*s - 211*s - 180 = 0. Calculate the remainder when 141 is divided by s.
33
Suppose -115 = -b + 2*p, 472 = 2*b + 2*b - 2*p. Suppose -2335*m = -2331*m - 5*r - 15, 3*m + 4*r = 112. What is the remainder when b is divided by m?
19
Calculate the remainder when 1131 is divided by ((-10)/(-7))/(-21 + 3725/175) - -221.
1
Let k = 45658 + -45608. What is the remainder when 164 is divided by k?
14
Let z(u) be the third derivative of u**4/6 - 23*u**3/3 - u**2 - 2. Calculate the remainder when z(37) is divided by 19.
7
Let h(s) = -54 + 17 - 40 - s - 9*s. Calculate the remainder when 229 is divided by h(-10).
22
Let w = 6658 + -6535. What is the remainder when w is divided by 16?
11
Suppose 70*a + 2248 = 2738. Calculate the remainder when 729 is divided by a.
1
Let j(o) = -o**3 + 2*o + 72. Suppose 13*g = 193 + 196 - 103. What is the remainder when j(0) is divided by g?
6
Let c be (8/((-32)/36))/1. What is the remainder when (-3859)/(-153) + 2/c is divided by 10?
5
Let a(r) = r**2 - 10*r - 36. Let n be a(-18). Suppose -2*f + 2*m = -n, f = 2*m + 19 + 218. What is the remainder when f is divided by 47?
43
Let t = 5882 - 4670. Calculate the remainder when t is divided by 61.
53
Let v = 492 - 1536. Let t = -348 - v. Suppose -32*i = -35*i + t. What is the remainder when i is divided by 26?
24
Let g be 7504/126 - (-4)/72*8. Suppose 64*z - g = 58*z. Calculate the remainder when -1*((-28 - -1) + 0) is divided by z.
7
Let y = 14 + 0. Let b be (-2 - 20/1)/((-22)/(-11)). Let a(x) = 3*x + 57. Calculate the remainder when a(b) is divided by y.
10
Suppose -5*d = 2*i - 123, -5*d - 7*i = -6*i - 124. What is the remainder when 304 is divided by d?
4
Let t = 2030 + -1949. What is the remainder when t is divided by 22?
15
Suppose -4*q + 6*q + 2*a - 10 = 0, a + 10 = 4*q. Calculate the remainder when 120 is divided by (21/(-4))/(78/(-24) + q).
15
Let g(r) = 2*r**3 - 8*r**2 + r + 9. Let x(i) = -13*i + 95. Let z be x(7). What is the remainder when 48 is divided by g(z)?
9
What is the remainder when (8 - 1)/(1/(-396)*-6) + -4 is divided by 143?
29
What is the remainder when ((-331 - -56) + -63)*(-1)/2 is divided by 11 - 1*(3 - 1)?
7
Let s = -148 - -153. Suppose -5*f - 75 = -s*c, 35 = 4*c - 0*f + f. Calculate the remainder when c is divided by 7.
3
Let m(y) be the second derivative of 44*y**3 - y**2 - 36*y. What is the remainder when m(1) is divided by 11?
9
Suppose 8*y = -y + 117. Suppose 0 = t - 50. Calculate the remainder when t is divided by y.
11
Suppose -3 + 3 = -2*g. Suppose g = -3*k + c + 17, -4*k - c + 4 = -14. What is the remainder when 14 is divided by k?
4
Let f = -4722 + 3372. Let w = -921 - f. What is the remainder when w is divided by 16?
13
Let a(u) = u**2 - 4*u + 4. Let s be a(4). Suppose 3*p - 45 = -m, 6*m - s*m = 4*p - 50. Calculate the remainder when 125 is divided by p.
13
Suppose 0 = -4*n - 5*u + 103, 4*u = -4*n + 101 - 1. Let t(q) = -15*q - 260. What is the remainder when t(-29) is divided by n?
21
Suppose -5*f + 13 - 13 = 0. Let z = 9 + f. Suppose 2*o = -z*o + 495. What is the remainder when o is divided by 17?
11
Let u be (369 - 55) + (0 - 1). Let g = u - 311. Calculate the remainder when 4 is divided by g.
0
Let v(z) = 5*z + 67. Let b be v(10). Suppose b = 10*l - l. What is the remainder when 414 is divided by l?
11
Let m(o) = -13 - 9*o - 21*o + 10*o. What is the remainder when m(-3) is divided by 13?
8
Suppose 16 = j - 5. What is the remainder when j is divided by (-1)/(-9) + (-14200)/(-180) + -68?
10
Let x(y) = 63*y - 249. Let c be x(15). Suppose -2*g + 1852 = c. What is the remainder when g is divided by 58?
56
Let o = -1412 - -1450. Calculate the remainder when 96 is divided by o.
20
Let n = -134 + 142. Suppose 2*v + 4 = 0, 3*v - n*v + 1100 = 5*w. Calculate the remainder when w is divided by 16.
14
Let i be 14/10 - (-36)/(-90). Suppose 2*k + 2*k - 20 = -5*b, -3*b = -3*k + 15. What is the remainder when (-589)/(-76) + i/4 is divided by k?
3
Suppose 20*r - 12*r = -2224. Let s = -257 - r. Calculate the remainder when 101 is divided by s.
17
Calculate the remainder when (-6)/(-10) + 2552/55 + -10 is divided by 32.
5
Suppose -2*p + 177 + 506 = 5*r, 5*p = 2*r - 250. Let i = r - 248. Let z = -60 - i. What is the remainder when z is divided by 6?
5
Let p = -99 + 491. Let y = -329 + p. Calculate the remainder when y is divided by 15.
3
Let i = -356 + 696. Let t = i - 286. Let p = 40 - 29. What is the remainder when t is divided by p?
10
Let z(r) = -6*r**3 + 21*r**2 + 12*r - 7. Let p(k) = 7*k**3 - 22*k**2 - 13*k + 8. Let x(m) = -4*p(m) - 5*z(m). What is the remainder when x(9) is divided by 9?
3
Suppose 12*v + 268 = 1324. Suppose v = l - 2*m, -2*l - 8*m = -4*m - 208. What is the remainder when l is divided by 20?
16
Let c(f) = -21 - 6*f + f + 21*f - f**2. Let i be c(14). Suppose 0 = -i*z + 4*z + 36. Calculate the remainder when 95 is divided by z.
11
Let g be 0 - 29229/(-51) - 4/34. Let l = g + -571. What is the remainder when 18 is divided by l?
0
Suppose 85 + 45 = 5*r. Suppose 25*l - 24*l - r = 0. What is the remainder when l is divided by 12?
2
Let f(o) = -o. Let y be f(-3). Let t be ((-2)/4)/(y/(-18)). Suppose -2*n - t*v + 38 = 2*n, -5*n + 44 = 2*v. Calculate the remainder when 10 is divided by n.
2
Suppose c = 111*c - 8360. Calculate the remainder when 259 is divided by c.
31
Let g = 4734 + -4329. What is the remainder when g is divided by 79?
10
Let x(z) = 4*z**2 + 108*z - 1416. What is the remainder when x(17) is divided by 15?
1
Let m = 25850 + -25096. Calculate the remainder when m is divided by 43.
23
Calculate the remainder when 732 is divided by (1/9*9)/(-1*(-1)/146).
2
Let k = -21303 - -21335. What is the remainder when k is divided by 17?
15
Suppose -136*q + 21805 = 166*q + 143*q. What is the remainder when 1371 is divided by q?
48
Suppose 0*c + 3*u + 4195 = 4*c, 2*u - 1057 = -c. Calculate the remainder when c is divided by 264.
259
Suppose 60*b - 4*p - 13 = 63*b, 2*p + 9 = b. What is the remainder when 14 is divided by b?
0
Let k = -11576 + 12101. What is the remainder when k is divided by 122?
37
Let t = 7247 + -7171. What is the remainder when 1815 is divided by t?
67
Suppose -230*f + 299240 + 82100 = 0. Calculate the remainder when f is divided by 79.
78
Let s(v) = -v**2 + 96*v - 1946. Let p = 544 - 342. Calculate the remainder when p is divided by s(66).
32
Let n(o) = 60*o**2 - 4*o - 4. Let y be n(2). Suppose 0*u + y = 3*u. Suppose 4*i = p + u, -i - 10 = -2*i - 2*p. Calculate the remainder when 49 is divided by i.
13
Let a(v) = -2*v**3 - 11*v**2 + 6. Let l be a(-6). Suppose -44*m + l*m + 58 = 0. Calculate the remainder when 63 is divided by m.
5
Suppose 3*x = 12*r - 14*r + 30751, -5*r - 30800 = -3*x. Calculate the remainder when x is divided by 263.
261
Let o(i) = 13*i**2 - 9*i - 29. What is the remainder when o(7) is divided by 144?
113
Let d(h) = h**3 + 44*h**2 + 214*h + 40. Calculate the remainder when d(-38) is divided by 31.
14
Let l be (-6)/(-2) + -4 + -9. Let a(v) = -5*v - 10. Suppose n + 2*f - 19 = 0, 3*f + 2*f - 79 = -4*n. Calculate the remainder when a(l) is divided by n.
19
Let c(y) = 6*y**2 - 392*y + 3601. What is the remainder when c(9) is divided by 153?
100
Let q be 2/(0 + 2/17). Let 